
Let i(l) = -l**2 - 8*l - 7. Let k be i(-7). Suppose k = 7*h - h. Let t(b) be the first derivative of -b**2/2 + 4*b + 1. What is t(h)?
4
Let k(a) = -a**3 - 13*a**2 - 25*a - 7. Let l be k(-11). Let d(r) = -3*r**3 + 4 - 24*r**2 + l*r**2 + r + 4*r**3. What is d(-3)?
-8
Let p(j) = j. Let u(g) = -g**3 - 3*g**2 - 3*g - 7. Let n be u(-3). Suppose -4*m + n*b + 3*b = -5, m = -5*b + 20. Determine p(m).
5
Let s(q) = -q**2 + 7*q - 7. Suppose 0 = o - 4*n - 9, 3*n - 7 = -4*o + 10. Determine s(o).
3
Suppose 3*j - 18 = -2*j - 2*z, -2*j + 3*z + 11 = 0. Let x(d) be the second derivative of -1/12*d**4 - 5/2*d**2 + 0 + 4/3*d**3 + 4*d. Determine x(j).
11
Let z(i) = 2*i + 2*i + 0*i + 3 + 0. Let j(m) = 3*m**2 - 6*m + 4. Let p(a) = a**2 - a. Let q(g) = -j(g) + p(g). Let h be q(2). Determine z(h).
-5
Let n(d) = 12*d**3 + 2*d**2 + 17. Let w(f) = -7*f**3 - f**2 - 9. Let j(c) = 4*n(c) + 7*w(c). Determine j(2).
1
Let g(m) = -m. Let z(a) = -a**2 + 18*a - 15. Let d be z(17). Suppose d*r + 10*r + 48 = 0. Determine g(r).
4
Suppose 4 = -2*d + 2*g, 3*g = -4 + 13. Let z(l) be the first derivative of -13/4*l**4 + 0*l + 0*l**3 - 1/2*l**2 - 46. What is z(d)?
-14
Let g be ((-2 - 2) + -3)*-1. Let x(d) = -d**3 + 6*d**2 + 6*d + 10. Let w be x(g). Let o(p) = 4 + w*p + 5*p - 3*p - p**2 - p**3. Calculate o(-3).
7
Suppose -15 = 4*d + d. Let o be 108/48 + 2/(-8). Let i(f) = 2*f**2 - 3 - f**2 - 3 + o. Calculate i(d).
5
Let u(a) = 0*a - 1 - a + 0 - 1382*a**3 + 1404*a**3 - a. Determine u(-1).
-21
Let j be (-3)/(-4)*(-14 - -42). Let b(q) = 1 - 22*q + 39*q - j*q. What is b(-2)?
9
Let o(l) = -l**3 - 22*l**2 - 21*l - 11. Suppose -z - 106 = 5*a, 29 = -3*z + 26. Give o(a).
-11
Suppose 507*p - 3 = 504*p. Let t(d) = -11*d**3 - 1. Determine t(p).
-12
Let o(p) = -3*p - 4. Let r be (9/6)/(1/2). Suppose 0 = 2*s + 9 - r. Determine o(s).
5
Let m(c) = -c**3 - 13*c**2 - 11*c - 6. Let d be 4 - ((-160)/(-100))/(2/20). Give m(d).
-18
Let g(s) be the first derivative of -s**2/2 + 14*s + 45. Suppose -4*f - y = -4*y - 34, -42 = -4*f - y. What is g(f)?
4
Let m be (59 + -51)*((-7)/2)/(-7). Let t(h) = 5*h + 2*h - h**2 - 3 - 3*h. What is t(m)?
-3
Let j(u) = 7*u - 5*u**2 - 3 + 5 - u**3 + 0*u**2. Let t = -54 + 93. Suppose 7*b - m = 3*b - 21, 5*b = -3*m - t. What is j(b)?
-4
Let o be 6/7*(-4 + -6 + 3). Let g(z) = -5*z**2 + z - 5. Let d(x) = 9*x**2 - 2*x + 9. Let s(l) = o*d(l) - 11*g(l). What is s(-3)?
7
Let r(j) = -7*j**3 - 21*j**2 + 3*j - 10. Let h(p) = 3*p**3 + 10*p**2 - 2*p + 5. Let q(c) = 9*h(c) + 4*r(c). What is q(5)?
0
Let n(i) = -i**2 - 9*i - 4. Suppose -5*f = -r - 125, -5*r = 2*f - 5*f + 97. Let s be (-15)/(-4) - 5*3/20. Suppose -l = s*l + f. Give n(l).
14
Let j(h) = -h**3 + 5*h**2 + 5*h + 7. Suppose 17*v = 40*v - 138. Calculate j(v).
1
Suppose -3*m - 4*k + 4 = 0, -3*m + 0*m - 2*k + 14 = 0. Suppose -6*t = -4*t - m. Let g(c) = -c - 2 + 3 + 3*c. Calculate g(t).
9
Let v(w) = -24*w**2 + 12*w + 15. Let h(p) = -29*p**2 + 12*p + 14. Let q(c) = -5*h(c) + 6*v(c). Determine q(-9).
-7
Let r(m) = 11*m**3 - 5*m**2 + 6*m - 9. Let u(c) = -31*c**3 + 14*c**2 - 17*c + 27. Let n(x) = 17*r(x) + 6*u(x). Let k = 3 + -3. What is n(k)?
9
Let i(o) = o**2 + 13*o - 20. Let v = 2004 + -2015. Determine i(v).
-42
Let x(y) = -y**2 + 14*y - 5. Let g(w) = -10*w - 16. Let l be g(-3). Give x(l).
-5
Let m(z) = z**3 + 8*z**2 - 3*z - 9. Let x be m(-9). Let j be (-18)/x - 131/(-7). Let v = j - 13. Let g(b) = b - 7. Determine g(v).
-1
Let h(u) = u - 3. Let l be h(0). Let q be ((-1)/3)/(l/27). Suppose q*v = -5*f + 8*v + 10, 16 = -4*v. Let c(b) = -3*b + 1. Give c(f).
7
Let f(b) = 8 + 32*b**3 + 4*b**3 - 64*b**3 + 29*b**3 - 8*b**2 - 14*b. Give f(9).
-37
Let j = 318 - 320. Let n(l) = -1 + 5*l**3 + l**2 - l - 2*l**3 - l**3 - l**3. Calculate n(j).
-3
Suppose -3*y = -o - 3 - 5, o + 2 = 0. Let b(q) = y*q + 0 - q - 3 + q**2. Calculate b(3).
9
Let x(c) = 1 + c + c**3 - 4*c**2 - c. Let y = 147 - 145. Calculate x(y).
-7
Let g(l) be the third derivative of -1/2*l**3 - 1/120*l**6 + 0*l**4 - 1/10*l**5 + 34 + 0*l - 2*l**2. Calculate g(-6).
-3
Let i(k) = 2*k + 1. Let j(w) = 22*w + 3. Let z(a) = -4*i(a) + j(a). Determine z(3).
41
Let h(l) be the second derivative of -l**4/12 + 11*l**3/6 + 2*l**2 - 61*l. Calculate h(10).
14
Let q(z) be the third derivative of z**4/8 - 2*z**3/3 + 9*z**2. Let y be (-46)/(-2) - (8 + -10). Let f be y/(-9) - (-12)/(-54). Give q(f).
-13
Let d(l) = -l + 1. Suppose -8*f + 225 = -33*f. Calculate d(f).
10
Let l(w) = -9*w**2 + w - 2. Let p(u) = 2*u**2 - 7*u + 7. Let c be p(2). What is l(c)?
-10
Suppose 2*v + 5*c + 19 = -0*v, 0 = 3*v + 5*c + 26. Let s = 7 + v. Suppose 2*r = 6 - s. Let g(l) = l**3 - 2*l**2 + 3. Determine g(r).
12
Let f(y) = -y**2 + 6*y + 1. Let o = -8 - -4. Let b = 41 - o. Let k be (b/(-25))/((-3)/10). Determine f(k).
1
Let c = 39 - -31. Let h be (-2)/7 - (-20)/c. Let v(w) = -w**2 + w + 11. Calculate v(h).
11
Let f(h) = -3*h**3 + 15*h**2 + h + 2. Let z(l) = -l**3 + 5*l**2 + 1. Let u(j) = 2*f(j) - 7*z(j). What is u(2)?
-11
Let s(u) be the third derivative of u**5/60 - u**3/6 + 5*u**2. Let x(q) = 11*q**2 + q - 2. Let c(o) = 3*s(o) - x(o). Determine c(-1).
-8
Let r(p) = p**3 + 7*p**2 - 12*p - 7. Let k = -1414 - -1406. Give r(k).
25
Let f(o) = -o**3 - 6*o**2 + o + 1. Suppose 12*d + 34 = 10*d. Let y = 25 + d. Let r = 2 - y. Give f(r).
-5
Let j(d) = 2*d - 1. Let h(f) = 16 + 0 - f + 4*f + 0*f. Let y be h(-8). Let q be 8/y + 3*1. What is j(q)?
3
Let z(v) be the third derivative of v**5/60 - 5*v**3/6 + v**2. Suppose -31*a + 28*a - 9 = 0. Let y = 1 - a. Determine z(y).
11
Let g(d) be the second derivative of -d**3/2 - 7*d**2/2 - d. Suppose -3*l - 19 = 5*c - 9*c, -3*l = -c + 7. Let u be l/(((-1)/1)/(-5)). Determine g(u).
8
Suppose 0 = -3*w - 12, v + 4*w + w = -17. Let s(h) = -8*h**2 - 6*h - 164 + 9*h**v + 156 - 10*h**3. Suppose f = -5*l - f - 37, -l - 5*f = 12. What is s(l)?
-15
Let q(t) = -3 + 9421*t - 9418*t - 2*t**2 - t**3 + 2 + 0*t**3. What is q(-4)?
19
Suppose q = 3*h + 8, 0 = -h - 3*q - 0 - 6. Let j(a) = 11*a - 2. Calculate j(h).
-35
Let u = -1 - 0. Let c be (-1)/(u - (-2)/3). Let o(n) be the first derivative of n**2/2 + 3*n - 22. Calculate o(c).
6
Let r = -331 + 325. Let f(g) = -g**2 - 7*g - 15. Calculate f(r).
-9
Let b(y) = 32*y - 37. Let g(v) = 6*v - 7. Let f(d) = 2*b(d) - 11*g(d). Give f(6).
-9
Let y(z) = -4*z**2 + 7*z - z**3 + 9*z**2 + 0*z**3 - 1 - 6. Let m = 6 - 8. Let t(j) = -j**3 - 2. Let o be t(m). Determine y(o).
-1
Let t = -29 - -31. Let i(m) be the third derivative of m**3 + 0 + 0*m + 1/24*m**4 - t*m**2. Give i(-5).
1
Let c(z) = 2*z - 25. Let s(o) = -o + 11. Let j(b) = -2*c(b) - 5*s(b). What is j(0)?
-5
Let k(u) = 8*u + 1. Let z(n) = -n**3 + 4*n**2 + 19*n + 13. Let g be z(7). Calculate k(g).
-7
Let d(m) be the first derivative of -m**4/24 - 2*m**3 + 9*m**2/2 - 24. Let i(s) be the second derivative of d(s). Let o be (-13)/2 + 2/4. What is i(o)?
-6
Let v(p) be the second derivative of -27*p**5/20 + p**3/6 - p**2/2 + 325*p. Determine v(1).
-27
Let h(x) = 8*x**3 - 9*x - 5*x**3 + 8*x. Let a = 17 + -20. Let k = a + 2. Give h(k).
-2
Let f(z) = -z**2 - 14*z - 8. Let u(q) = q**2 - 30*q + 93. Let b be u(26). What is f(b)?
25
Let v(w) be the first derivative of -w**5/10 - w**4/12 - w**3/3 + 3*w**2/2 - 19*w + 34. Let m(l) be the first derivative of v(l). Determine m(2).
-21
Let s(i) = -35*i**3 + 38*i**3 + i - 2*i**2 - 2*i. Suppose -3*r - 5 = 7. Let g be (8/12)/(r/6). Determine s(g).
-4
Let h(i) be the third derivative of 1/12*i**4 - 1/6*i**3 + 0*i + 0 + 3*i**2. Calculate h(1).
1
Suppose 6*f = 5*f + 3. Let j(v) = -2*v**f - 4*v**2 + v + 3*v**3 + 2*v**2. Calculate j(1).
0
Let i(j) = 2*j**3. Let c be i(1). Suppose 2 = -2*g - c. Let a be (2/6)/(g/18). Let v(d) = -d**3 - d**2 + 5*d + 4. Determine v(a).
7
Let j(y) = -14*y + 5. Let n(a) = 5*a - 2. Let u(h) = 3*j(h) + 8*n(h). What is u(-1)?
1
Let u(t) = -t**2 - 3*t - 1. Let z = -36 - -38. Suppose 0 = -z*h - 2*r + 1 + 5, 25 = 5*r. Give u(h).
1
Let j(q) be the first derivative of q**5/120 - 9*q**3 - 38. Let b(c) be the third derivative of j(c). What is b(7)?
7
Let n(d) = d + 14. Let f = -17 - -13. Let j = -9 + f. Let a be n(j). Let y(c) = -5*c**3 + c - 1. Calculate y(a).
-5
Let j(s) be the second derivative of 7*s + 0 - 1/6*s**3 + s**2. What is j(-5)?
7
Let u = 3 + -1. Let p(b) = -3*b**2 + u*b**2